{"id":194,"date":"2020-09-24T11:27:46","date_gmt":"2020-09-24T11:27:46","guid":{"rendered":"https:\/\/proteo.yithemes.com\/elementor-food\/?page_id=194"},"modified":"2023-08-09T00:47:00","modified_gmt":"2023-08-09T00:47:00","slug":"nosotros","status":"publish","type":"page","link":"https:\/\/4-20.mx\/index.php\/nosotros\/","title":{"rendered":"Nosotros"},"content":{"rendered":"\t\t<div data-elementor-type=\"wp-page\" data-elementor-id=\"194\" class=\"elementor elementor-194\" data-elementor-post-type=\"page\">\n\t\t\t\t\t\t<section class=\"elementor-section elementor-top-section elementor-element elementor-element-add054c elementor-section-boxed elementor-section-height-default elementor-section-height-default\" data-id=\"add054c\" data-element_type=\"section\">\n\t\t\t\t\t\t<div class=\"elementor-container elementor-column-gap-default\">\n\t\t\t\t\t<div class=\"elementor-column elementor-col-100 elementor-top-column elementor-element elementor-element-6c2fd2f\" data-id=\"6c2fd2f\" data-element_type=\"column\">\n\t\t\t<div class=\"elementor-widget-wrap elementor-element-populated\">\n\t\t\t\t\t\t<div class=\"elementor-element elementor-element-168ca9a elementor-invisible elementor-widget elementor-widget-heading\" data-id=\"168ca9a\" data-element_type=\"widget\" data-settings=\"{&quot;_animation&quot;:&quot;fadeIn&quot;}\" data-widget_type=\"heading.default\">\n\t\t\t\t<div class=\"elementor-widget-container\">\n\t\t\t\t\t<h2 class=\"elementor-heading-title elementor-size-default\">Los Mejores Productos A Tu Servicio<\/h2>\t\t\t\t<\/div>\n\t\t\t\t<\/div>\n\t\t\t\t<div class=\"elementor-element elementor-element-05e33c6 elementor-widget elementor-widget-spacer\" data-id=\"05e33c6\" data-element_type=\"widget\" data-widget_type=\"spacer.default\">\n\t\t\t\t<div class=\"elementor-widget-container\">\n\t\t\t\t\t\t\t<div class=\"elementor-spacer\">\n\t\t\t<div class=\"elementor-spacer-inner\"><\/div>\n\t\t<\/div>\n\t\t\t\t\t\t<\/div>\n\t\t\t\t<\/div>\n\t\t\t\t\t<\/div>\n\t\t<\/div>\n\t\t\t\t\t<\/div>\n\t\t<\/section>\n\t\t\t\t<section class=\"elementor-section elementor-top-section elementor-element elementor-element-759a3a4 elementor-section-full_width elementor-section-height-default elementor-section-height-default\" data-id=\"759a3a4\" data-element_type=\"section\">\n\t\t\t\t\t\t<div class=\"elementor-container elementor-column-gap-wider\">\n\t\t\t\t\t<div class=\"elementor-column elementor-col-33 elementor-top-column elementor-element elementor-element-cd3dd38\" data-id=\"cd3dd38\" data-element_type=\"column\">\n\t\t\t<div class=\"elementor-widget-wrap elementor-element-populated\">\n\t\t\t\t\t\t<div class=\"elementor-element elementor-element-5d4b075 elementor-invisible elementor-widget elementor-widget-image\" data-id=\"5d4b075\" data-element_type=\"widget\" data-settings=\"{&quot;_animation&quot;:&quot;fadeInLeft&quot;}\" data-widget_type=\"image.default\">\n\t\t\t\t<div class=\"elementor-widget-container\">\n\t\t\t\t\t\t\t\t\t\t\t\t\t\t\t<img fetchpriority=\"high\" decoding=\"async\" width=\"683\" height=\"1024\" src=\"https:\/\/4-20.mx\/wp-content\/uploads\/2023\/05\/pexels-kindel-media-7667735-683x1024.jpg\" class=\"attachment-large size-large wp-image-614\" alt=\"\" srcset=\"https:\/\/4-20.mx\/wp-content\/uploads\/2023\/05\/pexels-kindel-media-7667735-683x1024.jpg 683w, https:\/\/4-20.mx\/wp-content\/uploads\/2023\/05\/pexels-kindel-media-7667735-200x300.jpg 200w, https:\/\/4-20.mx\/wp-content\/uploads\/2023\/05\/pexels-kindel-media-7667735-768x1152.jpg 768w, https:\/\/4-20.mx\/wp-content\/uploads\/2023\/05\/pexels-kindel-media-7667735-1024x1536.jpg 1024w, https:\/\/4-20.mx\/wp-content\/uploads\/2023\/05\/pexels-kindel-media-7667735-1365x2048.jpg 1365w, https:\/\/4-20.mx\/wp-content\/uploads\/2023\/05\/pexels-kindel-media-7667735-1920x2880.jpg 1920w, https:\/\/4-20.mx\/wp-content\/uploads\/2023\/05\/pexels-kindel-media-7667735-600x900.jpg 600w, https:\/\/4-20.mx\/wp-content\/uploads\/2023\/05\/pexels-kindel-media-7667735-scaled.jpg 1707w\" sizes=\"(max-width: 683px) 100vw, 683px\" \/>\t\t\t\t\t\t\t\t\t\t\t\t\t\t\t<\/div>\n\t\t\t\t<\/div>\n\t\t\t\t\t<\/div>\n\t\t<\/div>\n\t\t\t\t<div class=\"elementor-column elementor-col-66 elementor-top-column elementor-element elementor-element-395cd50 elementor-invisible\" data-id=\"395cd50\" data-element_type=\"column\" data-settings=\"{&quot;animation&quot;:&quot;fadeInRight&quot;}\">\n\t\t\t<div class=\"elementor-widget-wrap elementor-element-populated\">\n\t\t\t\t\t\t<div class=\"elementor-element elementor-element-efb620d elementor-widget elementor-widget-text-editor\" data-id=\"efb620d\" data-element_type=\"widget\" data-widget_type=\"text-editor.default\">\n\t\t\t\t<div class=\"elementor-widget-container\">\n\t\t\t\t\t\t\t\t\t<p>\u00a1Bienvenido a nuestra tienda de productos CBD y l\u00fadicos! Nos enorgullece ofrecer una amplia gama de productos de alta calidad para satisfacer las necesidades de nuestros clientes. Desde aceites y tinturas de CBD hasta productos l\u00fadicos, nos aseguramos de que cada art\u00edculo en nuestra tienda cumpla con los m\u00e1s altos est\u00e1ndares de calidad.<\/p><p>En nuestra tienda, nos esforzamos por brindar un servicio excepcional al cliente. Nuestro equipo est\u00e1 formado por expertos en la materia que est\u00e1n disponibles para responder cualquier pregunta y proporcionar asesoramiento personalizado. Nos aseguramos de que cada cliente se sienta valorado y apreciado, y nos esforzamos por superar sus expectativas.<\/p><p>En cuanto a nuestros productos, trabajamos con los mejores proveedores de la industria para garantizar que solo ofrecemos lo mejor. Nos aseguramos de que cada producto se someta a rigurosas pruebas de calidad para garantizar su pureza y eficacia. Adem\u00e1s, ofrecemos una amplia gama de opciones para adaptarnos a las necesidades \u00fanicas de cada cliente.<\/p><p>En resumen, nuestra tienda se dedica a brindar productos y servicios excepcionales a nuestros clientes. Siempre estamos buscando formas de mejorar y crecer, y esperamos poder servirle pronto. \u00a1Gracias por elegirnos!<\/p>\t\t\t\t\t\t\t\t<\/div>\n\t\t\t\t<\/div>\n\t\t\t\t\t<\/div>\n\t\t<\/div>\n\t\t\t\t\t<\/div>\n\t\t<\/section>\n\t\t\t\t<section class=\"elementor-section elementor-top-section elementor-element elementor-element-7cec27b elementor-section-boxed elementor-section-height-default elementor-section-height-default\" data-id=\"7cec27b\" data-element_type=\"section\">\n\t\t\t\t\t\t<div class=\"elementor-container elementor-column-gap-default\">\n\t\t\t\t\t<div class=\"elementor-column elementor-col-100 elementor-top-column elementor-element elementor-element-e6c88ef\" data-id=\"e6c88ef\" data-element_type=\"column\">\n\t\t\t<div class=\"elementor-widget-wrap elementor-element-populated\">\n\t\t\t\t\t\t<div class=\"elementor-element elementor-element-ab3d606 elementor-widget elementor-widget-spacer\" data-id=\"ab3d606\" data-element_type=\"widget\" data-widget_type=\"spacer.default\">\n\t\t\t\t<div class=\"elementor-widget-container\">\n\t\t\t\t\t\t\t<div class=\"elementor-spacer\">\n\t\t\t<div class=\"elementor-spacer-inner\"><\/div>\n\t\t<\/div>\n\t\t\t\t\t\t<\/div>\n\t\t\t\t<\/div>\n\t\t\t\t\t<\/div>\n\t\t<\/div>\n\t\t\t\t\t<\/div>\n\t\t<\/section>\n\t\t\t\t<\/div>\n\t\t","protected":false},"excerpt":{"rendered":"<p>Los Mejores Productos A Tu Servicio \u00a1Bienvenido a nuestra tienda de productos CBD y l\u00fadicos! Nos enorgullece ofrecer una amplia gama de productos de alta calidad para satisfacer las necesidades de nuestros clientes. Desde aceites y tinturas de CBD hasta productos l\u00fadicos, nos aseguramos de que cada art\u00edculo en nuestra tienda cumpla con los m\u00e1s<a class=\"more-link\" href=\"https:\/\/4-20.mx\/index.php\/nosotros\/\">Ver m\u00e1s  &#10230;<\/a><\/p>\n","protected":false},"author":1,"featured_media":0,"parent":0,"menu_order":0,"comment_status":"closed","ping_status":"closed","template":"","meta":{"_angie_page":false,"_editorskit_title_hidden":false,"_editorskit_reading_time":1,"_editorskit_is_block_options_detached":false,"_editorskit_block_options_position":"{}","inline_featured_image":false,"footnotes":""},"class_list":["post-194","page","type-page","status-publish","hentry"],"yoast_head":"<!-- This site is optimized with the Yoast SEO plugin v26.4 - https:\/\/yoast.com\/wordpress\/plugins\/seo\/ -->\n<title>Nosotros - 4 20<\/title>\n<meta name=\"robots\" content=\"index, follow, max-snippet:-1, max-image-preview:large, max-video-preview:-1\" \/>\n<link rel=\"canonical\" href=\"https:\/\/4-20.tempurl.host\/index.php\/nosotros\/\" \/>\n<meta property=\"og:locale\" content=\"es_ES\" \/>\n<meta property=\"og:type\" content=\"article\" \/>\n<meta property=\"og:title\" content=\"Nosotros - 4 20\" \/>\n<meta property=\"og:description\" content=\"Los Mejores Productos A Tu Servicio \u00a1Bienvenido a nuestra tienda de productos CBD y l\u00fadicos! Nos enorgullece ofrecer una amplia gama de productos de alta calidad para satisfacer las necesidades de nuestros clientes. Desde aceites y tinturas de CBD hasta productos l\u00fadicos, nos aseguramos de que cada art\u00edculo en nuestra tienda cumpla con los m\u00e1sVer m\u00e1s &#10230;\" \/>\n<meta property=\"og:url\" content=\"https:\/\/4-20.tempurl.host\/index.php\/nosotros\/\" \/>\n<meta property=\"og:site_name\" content=\"4 20\" \/>\n<meta property=\"article:modified_time\" content=\"2023-08-09T00:47:00+00:00\" \/>\n<meta property=\"og:image\" content=\"https:\/\/4-20.tempurl.host\/wp-content\/uploads\/2023\/05\/pexels-kindel-media-7667735-683x1024.jpg\" \/>\n<meta name=\"twitter:card\" content=\"summary_large_image\" \/>\n<meta name=\"twitter:label1\" content=\"Tiempo de lectura\" \/>\n\t<meta name=\"twitter:data1\" content=\"2 minutos\" \/>\n<script type=\"application\/ld+json\" class=\"yoast-schema-graph\">{\"@context\":\"https:\/\/schema.org\",\"@graph\":[{\"@type\":\"WebPage\",\"@id\":\"https:\/\/4-20.tempurl.host\/index.php\/nosotros\/\",\"url\":\"https:\/\/4-20.tempurl.host\/index.php\/nosotros\/\",\"name\":\"Nosotros - 4 20\",\"isPartOf\":{\"@id\":\"https:\/\/4-20.tempurl.host\/#website\"},\"primaryImageOfPage\":{\"@id\":\"https:\/\/4-20.tempurl.host\/index.php\/nosotros\/#primaryimage\"},\"image\":{\"@id\":\"https:\/\/4-20.tempurl.host\/index.php\/nosotros\/#primaryimage\"},\"thumbnailUrl\":\"https:\/\/4-20.mx\/wp-content\/uploads\/2023\/05\/pexels-kindel-media-7667735-683x1024.jpg\",\"datePublished\":\"2020-09-24T11:27:46+00:00\",\"dateModified\":\"2023-08-09T00:47:00+00:00\",\"breadcrumb\":{\"@id\":\"https:\/\/4-20.tempurl.host\/index.php\/nosotros\/#breadcrumb\"},\"inLanguage\":\"es\",\"potentialAction\":[{\"@type\":\"ReadAction\",\"target\":[\"https:\/\/4-20.tempurl.host\/index.php\/nosotros\/\"]}]},{\"@type\":\"ImageObject\",\"inLanguage\":\"es\",\"@id\":\"https:\/\/4-20.tempurl.host\/index.php\/nosotros\/#primaryimage\",\"url\":\"https:\/\/4-20.mx\/wp-content\/uploads\/2023\/05\/pexels-kindel-media-7667735-scaled.jpg\",\"contentUrl\":\"https:\/\/4-20.mx\/wp-content\/uploads\/2023\/05\/pexels-kindel-media-7667735-scaled.jpg\",\"width\":1707,\"height\":2560},{\"@type\":\"BreadcrumbList\",\"@id\":\"https:\/\/4-20.tempurl.host\/index.php\/nosotros\/#breadcrumb\",\"itemListElement\":[{\"@type\":\"ListItem\",\"position\":1,\"name\":\"Portada\",\"item\":\"https:\/\/4-20.mx\/\"},{\"@type\":\"ListItem\",\"position\":2,\"name\":\"Nosotros\"}]},{\"@type\":\"WebSite\",\"@id\":\"https:\/\/4-20.tempurl.host\/#website\",\"url\":\"https:\/\/4-20.tempurl.host\/\",\"name\":\"4 20\",\"description\":\"Descubre la magia del cannabis y d\u00e9jate llevar por la experiencia.\",\"publisher\":{\"@id\":\"https:\/\/4-20.tempurl.host\/#organization\"},\"potentialAction\":[{\"@type\":\"SearchAction\",\"target\":{\"@type\":\"EntryPoint\",\"urlTemplate\":\"https:\/\/4-20.tempurl.host\/?s={search_term_string}\"},\"query-input\":{\"@type\":\"PropertyValueSpecification\",\"valueRequired\":true,\"valueName\":\"search_term_string\"}}],\"inLanguage\":\"es\"},{\"@type\":\"Organization\",\"@id\":\"https:\/\/4-20.tempurl.host\/#organization\",\"name\":\"4 20\",\"url\":\"https:\/\/4-20.tempurl.host\/\",\"logo\":{\"@type\":\"ImageObject\",\"inLanguage\":\"es\",\"@id\":\"https:\/\/4-20.tempurl.host\/#\/schema\/logo\/image\/\",\"url\":\"https:\/\/4-20.mx\/wp-content\/uploads\/2023\/05\/logo-1.png\",\"contentUrl\":\"https:\/\/4-20.mx\/wp-content\/uploads\/2023\/05\/logo-1.png\",\"width\":205,\"height\":102,\"caption\":\"4 20\"},\"image\":{\"@id\":\"https:\/\/4-20.tempurl.host\/#\/schema\/logo\/image\/\"}}]}<\/script>\n<!-- \/ Yoast SEO plugin. -->","yoast_head_json":{"title":"Nosotros - 4 20","robots":{"index":"index","follow":"follow","max-snippet":"max-snippet:-1","max-image-preview":"max-image-preview:large","max-video-preview":"max-video-preview:-1"},"canonical":"https:\/\/4-20.tempurl.host\/index.php\/nosotros\/","og_locale":"es_ES","og_type":"article","og_title":"Nosotros - 4 20","og_description":"Los Mejores Productos A Tu Servicio \u00a1Bienvenido a nuestra tienda de productos CBD y l\u00fadicos! Nos enorgullece ofrecer una amplia gama de productos de alta calidad para satisfacer las necesidades de nuestros clientes. Desde aceites y tinturas de CBD hasta productos l\u00fadicos, nos aseguramos de que cada art\u00edculo en nuestra tienda cumpla con los m\u00e1sVer m\u00e1s &#10230;","og_url":"https:\/\/4-20.tempurl.host\/index.php\/nosotros\/","og_site_name":"4 20","article_modified_time":"2023-08-09T00:47:00+00:00","og_image":[{"url":"https:\/\/4-20.tempurl.host\/wp-content\/uploads\/2023\/05\/pexels-kindel-media-7667735-683x1024.jpg","type":"","width":"","height":""}],"twitter_card":"summary_large_image","twitter_misc":{"Tiempo de lectura":"2 minutos"},"schema":{"@context":"https:\/\/schema.org","@graph":[{"@type":"WebPage","@id":"https:\/\/4-20.tempurl.host\/index.php\/nosotros\/","url":"https:\/\/4-20.tempurl.host\/index.php\/nosotros\/","name":"Nosotros - 4 20","isPartOf":{"@id":"https:\/\/4-20.tempurl.host\/#website"},"primaryImageOfPage":{"@id":"https:\/\/4-20.tempurl.host\/index.php\/nosotros\/#primaryimage"},"image":{"@id":"https:\/\/4-20.tempurl.host\/index.php\/nosotros\/#primaryimage"},"thumbnailUrl":"https:\/\/4-20.mx\/wp-content\/uploads\/2023\/05\/pexels-kindel-media-7667735-683x1024.jpg","datePublished":"2020-09-24T11:27:46+00:00","dateModified":"2023-08-09T00:47:00+00:00","breadcrumb":{"@id":"https:\/\/4-20.tempurl.host\/index.php\/nosotros\/#breadcrumb"},"inLanguage":"es","potentialAction":[{"@type":"ReadAction","target":["https:\/\/4-20.tempurl.host\/index.php\/nosotros\/"]}]},{"@type":"ImageObject","inLanguage":"es","@id":"https:\/\/4-20.tempurl.host\/index.php\/nosotros\/#primaryimage","url":"https:\/\/4-20.mx\/wp-content\/uploads\/2023\/05\/pexels-kindel-media-7667735-scaled.jpg","contentUrl":"https:\/\/4-20.mx\/wp-content\/uploads\/2023\/05\/pexels-kindel-media-7667735-scaled.jpg","width":1707,"height":2560},{"@type":"BreadcrumbList","@id":"https:\/\/4-20.tempurl.host\/index.php\/nosotros\/#breadcrumb","itemListElement":[{"@type":"ListItem","position":1,"name":"Portada","item":"https:\/\/4-20.mx\/"},{"@type":"ListItem","position":2,"name":"Nosotros"}]},{"@type":"WebSite","@id":"https:\/\/4-20.tempurl.host\/#website","url":"https:\/\/4-20.tempurl.host\/","name":"4 20","description":"Descubre la magia del cannabis y d\u00e9jate llevar por la experiencia.","publisher":{"@id":"https:\/\/4-20.tempurl.host\/#organization"},"potentialAction":[{"@type":"SearchAction","target":{"@type":"EntryPoint","urlTemplate":"https:\/\/4-20.tempurl.host\/?s={search_term_string}"},"query-input":{"@type":"PropertyValueSpecification","valueRequired":true,"valueName":"search_term_string"}}],"inLanguage":"es"},{"@type":"Organization","@id":"https:\/\/4-20.tempurl.host\/#organization","name":"4 20","url":"https:\/\/4-20.tempurl.host\/","logo":{"@type":"ImageObject","inLanguage":"es","@id":"https:\/\/4-20.tempurl.host\/#\/schema\/logo\/image\/","url":"https:\/\/4-20.mx\/wp-content\/uploads\/2023\/05\/logo-1.png","contentUrl":"https:\/\/4-20.mx\/wp-content\/uploads\/2023\/05\/logo-1.png","width":205,"height":102,"caption":"4 20"},"image":{"@id":"https:\/\/4-20.tempurl.host\/#\/schema\/logo\/image\/"}}]}},"_links":{"self":[{"href":"https:\/\/4-20.mx\/index.php\/wp-json\/wp\/v2\/pages\/194","targetHints":{"allow":["GET"]}}],"collection":[{"href":"https:\/\/4-20.mx\/index.php\/wp-json\/wp\/v2\/pages"}],"about":[{"href":"https:\/\/4-20.mx\/index.php\/wp-json\/wp\/v2\/types\/page"}],"author":[{"embeddable":true,"href":"https:\/\/4-20.mx\/index.php\/wp-json\/wp\/v2\/users\/1"}],"replies":[{"embeddable":true,"href":"https:\/\/4-20.mx\/index.php\/wp-json\/wp\/v2\/comments?post=194"}],"version-history":[{"count":0,"href":"https:\/\/4-20.mx\/index.php\/wp-json\/wp\/v2\/pages\/194\/revisions"}],"wp:attachment":[{"href":"https:\/\/4-20.mx\/index.php\/wp-json\/wp\/v2\/media?parent=194"}],"curies":[{"name":"wp","href":"https:\/\/api.w.org\/{rel}","templated":true}]}}